{"id":159,"date":"2019-09-25T15:00:16","date_gmt":"2019-09-25T15:00:16","guid":{"rendered":"https:\/\/codeless.co\/regn\/finance\/?page_id=159"},"modified":"2021-09-02T20:31:20","modified_gmt":"2021-09-02T17:31:20","slug":"contact-us","status":"publish","type":"page","link":"https:\/\/ilgazekspertiz.com\/index.php\/contact-us\/","title":{"rendered":"\u0130leti\u015fim"},"content":{"rendered":"<p style=\"text-align: center;\"><strong>Address:<\/strong>\u00a0 Ca\u011flayan-\u0130stanbul-T\u00fcrkiye<\/p>\n<p style=\"text-align: center;\"><strong>Email:<\/strong> info@ilgazekspertiz.com<\/p>\n<p style=\"text-align: center;\"><strong>Phone: +90 850 804 4709<\/strong><\/p>\n","protected":false},"excerpt":{"rendered":"<p>Address:\u00a0 Ca\u011flayan-\u0130stanbul-T\u00fcrkiye Email: info@ilgazekspertiz.com Phone: +90 850 804 4709<\/p>\n","protected":false},"author":1,"featured_media":0,"parent":0,"menu_order":0,"comment_status":"closed","ping_status":"closed","template":"","meta":{"footnotes":""},"class_list":["post-159","page","type-page","status-publish","hentry"],"_links":{"self":[{"href":"https:\/\/ilgazekspertiz.com\/index.php\/wp-json\/wp\/v2\/pages\/159","targetHints":{"allow":["GET"]}}],"collection":[{"href":"https:\/\/ilgazekspertiz.com\/index.php\/wp-json\/wp\/v2\/pages"}],"about":[{"href":"https:\/\/ilgazekspertiz.com\/index.php\/wp-json\/wp\/v2\/types\/page"}],"author":[{"embeddable":true,"href":"https:\/\/ilgazekspertiz.com\/index.php\/wp-json\/wp\/v2\/users\/1"}],"replies":[{"embeddable":true,"href":"https:\/\/ilgazekspertiz.com\/index.php\/wp-json\/wp\/v2\/comments?post=159"}],"version-history":[{"count":3,"href":"https:\/\/ilgazekspertiz.com\/index.php\/wp-json\/wp\/v2\/pages\/159\/revisions"}],"predecessor-version":[{"id":369,"href":"https:\/\/ilgazekspertiz.com\/index.php\/wp-json\/wp\/v2\/pages\/159\/revisions\/369"}],"wp:attachment":[{"href":"https:\/\/ilgazekspertiz.com\/index.php\/wp-json\/wp\/v2\/media?parent=159"}],"curies":[{"name":"wp","href":"https:\/\/api.w.org\/{rel}","templated":true}]}}